when 176 is divided by 41.
12
What is the remainder when 17087 is divided by 23?
21
Calculate the remainder when 1797 is divided by 75.
72
Calculate the remainder when 340 is divided by 192.
148
Calculate the remainder when 107 is divided by 16.
11
What is the remainder when 597 is divided by 187?
36
What is the remainder when 63 is divided by 33?
30
What is the remainder when 39 is divided by 14?
11
What is the remainder when 1677 is divided by 80?
77
What is the remainder when 343 is divided by 19?
1
Calculate the remainder when 10113 is divided by 5053.
7
What is the remainder when 897 is divided by 46?
23
Calculate the remainder when 1643 is divided by 12.
11
Calculate the remainder when 106 is divided by 56.
50
What is the remainder when 8136 is divided by 26?
24
Calculate the remainder when 1598 is divided by 397.
10
Calculate the remainder when 359 is divided by 259.
100
What is the remainder when 297 is divided by 156?
141
Calculate the remainder when 79 is divided by 24.
7
Calculate the remainder when 100 is divided by 17.
15
What is the remainder when 1372 is divided by 20?
12
Calculate the remainder when 244 is divided by 40.
4
What is the remainder when 1442 is divided by 85?
82
Calculate the remainder when 340 is divided by 41.
12
What is the remainder when 1474 is divided by 25?
24
What is the remainder when 1491 is divided by 9?
6
Calculate the remainder when 559 is divided by 216.
127
What is the remainder when 810 is divided by 29?
27
Calculate the remainder when 174 is divided by 35.
34
Calculate the remainder when 168 is divided by 73.
22
What is the remainder when 50 is divided by 12?
2
Calculate the remainder when 524 is divided by 60.
44
Calculate the remainder when 9676 is divided by 9.
1
What is the remainder when 697 is divided by 100?
97
Calculate the remainder when 472 is divided by 43.
42
What is the remainder when 649 is divided by 262?
125
Calculate the remainder when 2136 is divided by 93.
90
What is the remainder when 134 is divided by 17?
15
What is the remainder when 8130 is divided by 9?
3
What is the remainder when 389 is divided by 44?
37
What is the remainder when 96 is divided by 33?
30
Calculate the remainder when 466 is divided by 13.
11
What is the remainder when 5177 is divided by 19?
9
Calculate the remainder when 8477 is divided by 10.
7
What is the remainder when 2756 is divided by 20?
16
Calculate the remainder when 1203 is divided by 322.
237
What is the remainder when 1196 is divided by 162?
62
Calculate the remainder when 5069 is divided by 89.
85
What is the remainder when 1238 is divided by 2?
0
Calculate the remainder when 177 is divided by 38.
25
What is the remainder when 2490 is divided by 86?
82
Calculate the remainder when 295 is divided by 76.
67
What is the remainder when 1262 is divided by 6?
2
Calculate the remainder when 2732 is divided by 53.
29
What is the remainder when 207 is divided by 44?
31
Calculate the remainder when 1484 is divided by 473.
65
Calculate the remainder when 132 is divided by 14.
6
Calculate the remainder when 51 is divided by 15.
6
Calculate the remainder when 164 is divided by 17.
11
What is the remainder when 1747 is divided by 14?
11
Calculate the remainder when 132 is divided by 32.
4
What is the remainder when 458 is divided by 58?
52
Calculate the remainder when 72 is divided by 21.
9
What is the remainder when 294 is divided by 94?
12
Calculate the remainder when 157 is divided by 53.
51
What is the remainder when 814 is divided by 117?
112
Calculate the remainder when 86 is divided by 16.
6
Calculate the remainder when 86 is divided by 9.
5
Calculate the remainder when 1176 is divided by 267.
108
Calculate the remainder when 185 is divided by 41.
21
What is the remainder when 465 is divided by 427?
38
Calculate the remainder when 114 is divided by 7.
2
What is the remainder when 131 is divided by 82?
49
Calculate the remainder when 2423 is divided by 789.
56
Calculate the remainder when 493 is divided by 55.
53
What is the remainder when 153 is divided by 46?
15
What is the remainder when 9581 is divided by 38?
5
What is the remainder when 816 is divided by 120?
96
What is the remainder when 4243 is divided by 4?
3
What is the remainder when 261 is divided by 66?
63
What is the remainder when 272 is divided by 143?
129
What is the remainder when 233 is divided by 26?
25
What is the remainder when 43 is divided by 17?
9
Calculate the remainder when 3235 is divided by 13.
11
What is the remainder when 2181 is divided by 39?
36
Calculate the remainder when 2661 is divided by 13.
9
What is the remainder when 890 is divided by 110?
10
What is the remainder when 16926 is divided by 16?
14
What is the remainder when 51140 is divided by 91?
89
What is the remainder when 1524 is divided by 109?
107
What is the remainder when 96 is divided by 3?
0
Calculate the remainder when 105 is divided by 38.
29
What is the remainder when 616 is divided by 62?
58
What is the remainder when 690 is divided by 172?
2
Calculate the remainder when 3524 is divided by 43.
41
Calculate the remainder when 478 is divided by 20.
18
Calculate the remainder when 278 is divided by 71.
65
What is the remainder when 699 is divided by 47?
41
Calculate the remainder when 5478 is divided by 63.
60
Calculate the remainder when 985 is divided by 299.
88
What is the remainder when 2004 is divided by 125?
4
What is the remainder when 132 is divided by 14?
6
What is the remainder when 382 is divided by 16?
14
Calculate the remainder when 477 is divided by 24.
21
What is the remainder when 755 is divided by 6?
5
What is the remainder when 555 is divided by 53?
25
Calculate the remainder when 40 is divided by 25.
15
What is the remainder when 141 is divided by 65?
11
Calculate the remainder when 303 is divided by 51.
48
What is the remainder when 490 is divided by 19?
15
Calculate the remainder when 2554 is divided by 73.
72
Calculate the remainder when 78 is divided by 5.
3
Calculate the remainder when 3873 is divided by 51.
48
What is the remainder when 603 is divided by 101?
98
Calculate the remainder when 1063 is divided by 71.
69
Calculate the remainder when 167 is divided by 37.
19
Calculate the remainder when 3855 is divided by 20.
15
Calculate the remainder when 6975 is divided by 4.
3
Calculate the remainder when 1135 is divided by 278.
23
What is the remainder when 765 is divided by 48?
45
Calculate the remainder when 745 is divided by 95.
80
Calculate the remainder when 358 is divided by 45.
43
Calculate the remainder when 520 is divided by 125.
20
What is the remainder when 99 is divided by 51?
48
Calculate the remainder when 1185 is divided by 66.
63
What is the remainder when 16431 is divided by 99?
96
Calculate the remainder when 3247 is divided by 56.
55
What is the remainder when 123 is divided by 45?
33
Calculate the remainder when 140 is divided by 13.
10
What is the remainder when 1683 is divided by 354?
267
Calculate the remainder when 2664 is divided by 31.
29
What is the remainder when 280 is divided by 19?
14
What is the remainder when 1141 is divided by 567?
7
Calculate the remainder when 34 is divided by 8.
2
What is the remainder when 119 is divided by 15?
14
What is the remainder when 132 is divided by 23?
17
What is the remainder when 461 is divided by 42?
41
What is the remainder when 247 is divided by 9?
4
What is the remainder when 3145 is divided by 143?
142
What is the remainder when 87 is divided by 39?
9
What is the remainder when 417 is divided by 406?
11
Calculate the remainder when 166 is divided by 43.
37
What is the remainder when 12516 is divided by 20?
16
What is the remainder when 2059 is divided by 229?
227
What is the remainder when 155 is divided by 18?
11
Calculate the remainder when 247 is divided by 9.
4
What is the remainder when 506 is divided by 15?
11
Calculate the remainder when 460 is divided by 32.
12
Calculate the remainder when 35 is divided by 13.
9
Calculate the remainder when 8574 is divided by 175.
174
What is the remainder when 144 is divided by 64?
16
What is the remainder when 467 is divided by 67?
65
What is the remainder when 289 is divided by 152?
137
Calculate the remainder when 97 is divided by 50.
47
What is the remainder